{"id":3079,"date":"2019-03-22T16:26:49","date_gmt":"2019-03-22T15:26:49","guid":{"rendered":"http:\/\/www.jazzconilhac.fr\/?page_id=3079"},"modified":"2023-02-18T11:59:47","modified_gmt":"2023-02-18T10:59:47","slug":"soutenir-jazz-conilhac","status":"publish","type":"page","link":"https:\/\/jazzconilhac.fr\/index.php\/soutenir-jazz-conilhac\/","title":{"rendered":"Nous soutenir"},"content":{"rendered":"\n<p class=\"has-text-align-center has-luminous-vivid-orange-color has-very-dark-gray-background-color has-text-color has-background has-medium-font-size\">Jazz Conilhac c&rsquo;est 100 % de b\u00e9n\u00e9voles qui oeuvrent toute l&rsquo;ann\u00e9e pour organiser le Festival de Jazz\/Conilhac en Terre d&rsquo;Aude.<\/p>\n\n\n\n<p class=\"has-text-align-center\"><br>Soutenu par\u00a0<a href=\"https:\/\/www.facebook.com\/hashtag\/laregionoccitanie?source=feed_text&amp;epa=HASHTAG&amp;__xts__%5B0%5D=68.ARB467MrtkWhjfeOr5BF0JK9-lbAF_MCqBf_SayEhgqzkW1UiuCgZVnXwJAgIWUQGBC3E49hYBQvXFMLlM0OwbunExofgWN0s9msFAz5lgRJtjJAKGtyM33rYUN41PwvL-1ljpv5-3hH73PF32fbF9cWuErQznPoE3SAaCcD90Me3WrE4gTvWmqkkueYN2ArpVUOvyvfs96RJ3lpXKfqF_K3dPma1kk17rfE3qyQGDoVY4rFc-eqnUwIanzxY4b-ZYs99Y8_M8-L8nZZPptjVrUpM2j5iehLQ7kIcMZd64nEKV6KclToKM682bviMKfJdC1C8i78QMBYS2oUkExvteRNS5I-&amp;__tn__=%2ANK-R\">#laregionoccitanie<\/a>, le\u00a0<a href=\"https:\/\/www.facebook.com\/departementdelaude\/?__tn__=K-R&amp;eid=ARDCBSod4XOF-hiiYvIJhA6OG_7Y_IU0t9T1KhAjEdPh897s881Ah-0L9MOakkrLRBb-9w5TV3VkURve&amp;fref=mentions&amp;__xts__%5B0%5D=68.ARB467MrtkWhjfeOr5BF0JK9-lbAF_MCqBf_SayEhgqzkW1UiuCgZVnXwJAgIWUQGBC3E49hYBQvXFMLlM0OwbunExofgWN0s9msFAz5lgRJtjJAKGtyM33rYUN41PwvL-1ljpv5-3hH73PF32fbF9cWuErQznPoE3SAaCcD90Me3WrE4gTvWmqkkueYN2ArpVUOvyvfs96RJ3lpXKfqF_K3dPma1kk17rfE3qyQGDoVY4rFc-eqnUwIanzxY4b-ZYs99Y8_M8-L8nZZPptjVrUpM2j5iehLQ7kIcMZd64nEKV6KclToKM682bviMKfJdC1C8i78QMBYS2oUkExvteRNS5I-\">D\u00e9partement de l&rsquo;Aude<\/a><br>, La CCRLCM, la commune de conilhac corbieres\u00a0<a href=\"https:\/\/www.facebook.com\/lezignan.corbieresminervois\/?__tn__=K-R&amp;eid=ARCZN5wuSVkd14T3e9tGJqeyOFN7qhTNxzv6-1pw03N5FRjXZ6yEATwSzqgy9Ep8zpAOonfUcRzpL3E8&amp;fref=mentions&amp;__xts__%5B0%5D=68.ARB467MrtkWhjfeOr5BF0JK9-lbAF_MCqBf_SayEhgqzkW1UiuCgZVnXwJAgIWUQGBC3E49hYBQvXFMLlM0OwbunExofgWN0s9msFAz5lgRJtjJAKGtyM33rYUN41PwvL-1ljpv5-3hH73PF32fbF9cWuErQznPoE3SAaCcD90Me3WrE4gTvWmqkkueYN2ArpVUOvyvfs96RJ3lpXKfqF_K3dPma1kk17rfE3qyQGDoVY4rFc-eqnUwIanzxY4b-ZYs99Y8_M8-L8nZZPptjVrUpM2j5iehLQ7kIcMZd64nEKV6KclToKM682bviMKfJdC1C8i78QMBYS2oUkExvteRNS5I-\">R\u00e9gion L\u00e9zignanaise, Corbi\u00e8res &amp; Minervois<\/a>, les partenaires priv\u00e9s comme la SPEDIDAM, VEOLIA, les commer\u00e7ants du L\u00e9zignanais et bien d&rsquo;autres, le Festival vous propose une programmation \u00e9clectique et riche en \u00e9motion \u00e0 chaque \u00e9dition.<br>Riche du soutien fid\u00e8le des institutions et de son public, Jazz Conilhac vous propose de participer \u00e0 cette formidable aventure, Made in Conilhac, in\u00a0<a href=\"https:\/\/www.facebook.com\/hashtag\/conilhaccorbieres?source=feed_text&amp;epa=HASHTAG&amp;__xts__%5B0%5D=68.ARB467MrtkWhjfeOr5BF0JK9-lbAF_MCqBf_SayEhgqzkW1UiuCgZVnXwJAgIWUQGBC3E49hYBQvXFMLlM0OwbunExofgWN0s9msFAz5lgRJtjJAKGtyM33rYUN41PwvL-1ljpv5-3hH73PF32fbF9cWuErQznPoE3SAaCcD90Me3WrE4gTvWmqkkueYN2ArpVUOvyvfs96RJ3lpXKfqF_K3dPma1kk17rfE3qyQGDoVY4rFc-eqnUwIanzxY4b-ZYs99Y8_M8-L8nZZPptjVrUpM2j5iehLQ7kIcMZd64nEKV6KclToKM682bviMKfJdC1C8i78QMBYS2oUkExvteRNS5I-&amp;__tn__=%2ANK-R\">#conilhaccorbieres<\/a>, en faisant simplement un don (d\u00e9ductible \u00e0 50% de vos imp\u00f4ts).<\/p>\n\n\n\n<p class=\"has-text-align-center\"><\/p>\n\n\n\n<p><\/p>\n","protected":false},"excerpt":{"rendered":"<p>\t\t\t\t<![CDATA[]]>\t\t&#8230; <\/p>\n<div class=\"read-more navbutton\"><a href=\"https:\/\/jazzconilhac.fr\/index.php\/soutenir-jazz-conilhac\/\">Lire la suite<i class=\"fa fa-angle-double-right\"><\/i><\/a><\/div>\n","protected":false},"author":1,"featured_media":3526,"parent":0,"menu_order":0,"comment_status":"closed","ping_status":"closed","template":"","meta":{"footnotes":""},"_links":{"self":[{"href":"https:\/\/jazzconilhac.fr\/index.php\/wp-json\/wp\/v2\/pages\/3079"}],"collection":[{"href":"https:\/\/jazzconilhac.fr\/index.php\/wp-json\/wp\/v2\/pages"}],"about":[{"href":"https:\/\/jazzconilhac.fr\/index.php\/wp-json\/wp\/v2\/types\/page"}],"author":[{"embeddable":true,"href":"https:\/\/jazzconilhac.fr\/index.php\/wp-json\/wp\/v2\/users\/1"}],"replies":[{"embeddable":true,"href":"https:\/\/jazzconilhac.fr\/index.php\/wp-json\/wp\/v2\/comments?post=3079"}],"version-history":[{"count":7,"href":"https:\/\/jazzconilhac.fr\/index.php\/wp-json\/wp\/v2\/pages\/3079\/revisions"}],"predecessor-version":[{"id":4056,"href":"https:\/\/jazzconilhac.fr\/index.php\/wp-json\/wp\/v2\/pages\/3079\/revisions\/4056"}],"wp:featuredmedia":[{"embeddable":true,"href":"https:\/\/jazzconilhac.fr\/index.php\/wp-json\/wp\/v2\/media\/3526"}],"wp:attachment":[{"href":"https:\/\/jazzconilhac.fr\/index.php\/wp-json\/wp\/v2\/media?parent=3079"}],"curies":[{"name":"wp","href":"https:\/\/api.w.org\/{rel}","templated":true}]}}